divided by 20.
18
Calculate the remainder when 1564 is divided by 142.
2
What is the remainder when 386 is divided by 295?
91
What is the remainder when 13443 is divided by 83?
80
What is the remainder when 252 is divided by 60?
12
What is the remainder when 694 is divided by 100?
94
Calculate the remainder when 69 is divided by 8.
5
Calculate the remainder when 41 is divided by 6.
5
Calculate the remainder when 1048 is divided by 300.
148
Calculate the remainder when 266 is divided by 45.
41
Calculate the remainder when 10649 is divided by 5321.
7
Calculate the remainder when 341 is divided by 6.
5
Calculate the remainder when 470 is divided by 175.
120
What is the remainder when 64 is divided by 62?
2
What is the remainder when 329 is divided by 6?
5
Calculate the remainder when 2355 is divided by 32.
19
What is the remainder when 4668 is divided by 3?
0
What is the remainder when 1956 is divided by 85?
1
What is the remainder when 1616 is divided by 807?
2
Calculate the remainder when 478 is divided by 446.
32
What is the remainder when 971 is divided by 12?
11
What is the remainder when 61 is divided by 11?
6
Calculate the remainder when 223 is divided by 4.
3
What is the remainder when 52665 is divided by 66?
63
Calculate the remainder when 209 is divided by 15.
14
What is the remainder when 157 is divided by 23?
19
Calculate the remainder when 132 is divided by 14.
6
Calculate the remainder when 158 is divided by 55.
48
What is the remainder when 125 is divided by 20?
5
Calculate the remainder when 145 is divided by 76.
69
Calculate the remainder when 83 is divided by 14.
13
Calculate the remainder when 123 is divided by 32.
27
Calculate the remainder when 434 is divided by 17.
9
What is the remainder when 195 is divided by 17?
8
What is the remainder when 335 is divided by 94?
53
What is the remainder when 20 is divided by 11?
9
Calculate the remainder when 807 is divided by 27.
24
What is the remainder when 1374 is divided by 454?
12
What is the remainder when 977 is divided by 31?
16
Calculate the remainder when 239 is divided by 40.
39
Calculate the remainder when 20292 is divided by 29.
21
What is the remainder when 154 is divided by 15?
4
What is the remainder when 65 is divided by 46?
19
Calculate the remainder when 74 is divided by 31.
12
What is the remainder when 343 is divided by 108?
19
What is the remainder when 375 is divided by 262?
113
Calculate the remainder when 43831 is divided by 14.
11
Calculate the remainder when 1241 is divided by 109.
42
What is the remainder when 838 is divided by 224?
166
Calculate the remainder when 175 is divided by 22.
21
Calculate the remainder when 26 is divided by 9.
8
Calculate the remainder when 74 is divided by 22.
8
What is the remainder when 2944 is divided by 19?
18
What is the remainder when 831 is divided by 289?
253
What is the remainder when 215 is divided by 97?
21
What is the remainder when 174 is divided by 14?
6
What is the remainder when 9010 is divided by 2251?
6
Calculate the remainder when 217 is divided by 60.
37
What is the remainder when 1845 is divided by 901?
43
Calculate the remainder when 4778 is divided by 17.
1
What is the remainder when 449 is divided by 11?
9
What is the remainder when 137 is divided by 69?
68
Calculate the remainder when 838 is divided by 478.
360
Calculate the remainder when 244 is divided by 50.
44
What is the remainder when 126 is divided by 66?
60
What is the remainder when 50 is divided by 43?
7
What is the remainder when 190 is divided by 103?
87
Calculate the remainder when 852 is divided by 413.
26
What is the remainder when 665 is divided by 158?
33
What is the remainder when 4349 is divided by 868?
9
What is the remainder when 249 is divided by 18?
15
What is the remainder when 398 is divided by 101?
95
Calculate the remainder when 49 is divided by 2.
1
Calculate the remainder when 96 is divided by 50.
46
What is the remainder when 525 is divided by 170?
15
Calculate the remainder when 448 is divided by 18.
16
What is the remainder when 120 is divided by 62?
58
Calculate the remainder when 219 is divided by 62.
33
What is the remainder when 1875 is divided by 134?
133
Calculate the remainder when 306 is divided by 62.
58
Calculate the remainder when 4659 is divided by 53.
48
What is the remainder when 106 is divided by 37?
32
Calculate the remainder when 5608 is divided by 23.
19
What is the remainder when 189 is divided by 7?
0
What is the remainder when 642 is divided by 209?
15
Calculate the remainder when 16 is divided by 4.
0
What is the remainder when 1273 is divided by 51?
49
What is the remainder when 1155 is divided by 381?
12
Calculate the remainder when 32 is divided by 23.
9
Calculate the remainder when 367 is divided by 93.
88
Calculate the remainder when 1005 is divided by 125.
5
What is the remainder when 281 is divided by 279?
2
Calculate the remainder when 165 is divided by 17.
12
Calculate the remainder when 3095 is divided by 39.
14
What is the remainder when 387 is divided by 100?
87
What is the remainder when 19497 is divided by 368?
361
What is the remainder when 66 is divided by 26?
14
What is the remainder when 286 is divided by 76?
58
What is the remainder when 104 is divided by 38?
28
Calculate the remainder when 142 is divided by 18.
16
What is the remainder when 876 is divided by 312?
252
Calculate the remainder when 333 is divided by 14.
11
Calculate the remainder when 3739 is divided by 72.
67
What is the remainder when 20438 is divided by 29?
22
What is the remainder when 145 is divided by 32?
17
What is the remainder when 154 is divided by 55?
44
Calculate the remainder when 2014 is divided by 976.
62
What is the remainder when 1380 is divided by 171?
12
What is the remainder when 47 is divided by 8?
7
What is the remainder when 137 is divided by 46?
45
What is the remainder when 1649 is divided by 544?
17
Calculate the remainder when 82 is divided by 45.
37
What is the remainder when 3167 is divided by 113?
3
Calculate the remainder when 312 is divided by 166.
146
Calculate the remainder when 1254 is divided by 67.
48
What is the remainder when 374 is divided by 123?
5
Calculate the remainder when 3637 is divided by 26.
23
What is the remainder when 22504 is divided by 62?
60
What is the remainder when 596 is divided by 96?
20
Calculate the remainder when 86 is divided by 10.
6
Calculate the remainder when 102 is divided by 7.
4
Calculate the remainder when 141 is divided by 16.
13
What is the remainder when 428 is divided by 92?
60
Calculate the remainder when 485 is divided by 137.
74
What is the remainder when 183 is divided by 104?
79
Calculate the remainder when 95 is divided by 20.
15
Calculate the remainder when 246 is divided by 166.
80
What is the remainder when 1012 is divided by 33?
22
Calculate the remainder when 2228 is divided by 124.
120
What is the remainder when 405 is divided by 58?
57
Calculate the remainder when 972 is divided by 323.
3
What is the remainder when 672 is divided by 26?
22
What is the remainder when 66 is divided by 25?
16
What is the remainder when 155 is divided by 4?
3
Calculate the remainder when 171 is divided by 12.
3
What is the remainder when 1360 is divided by 124?
120
What is the remainder when 6 is divided by 3?
0
Calculate the remainder when 1585 is divided by 69.
67
What is the remainder when 251 is divided by 36?
35
What is the remainder when 830 is divided by 115?
25
Calculate the remainder when 473 is divided by 14.
11
What is the remainder when 275 is divided by 144?
131
What is the remainder when 38 is divided by 18?
2
Calculate the remainder when 731 is divided by 46.
41
What is the remainder when 785 is divided by 203?
176
Calculate the remainder when 512 is divided by 251.
10
What is the remainder when 336 is divided by 41?
8
Calculate the remainder when 58 is divided by 55.
3
Calculate the remainder when 317 is divided by 103.
8
Calculate the remainder when 275 is divided by 60.
35
Calculate the remainder when 279 is divided by 5.
4
Calculate the remainder when 11 is divided by 10.
1
Calculate the remainder when 2769 is divided by 66.
63
What is the remainder when 241 is divided by 37?
19
What is the remainder when 233 is divided by 2?
1
Wh